is the billions digit of 1676767159?
1
What is the tens digit of 51691046?
4
What is the tens digit of 72587828?
2
What is the thousands digit of 424176523?
6
What is the tens digit of 1370900543?
4
What is the hundred millions digit of 127300431?
1
What is the thousands digit of 195130840?
0
What is the thousands digit of 115074931?
4
What is the hundred thousands digit of 507588103?
5
What is the tens digit of 7199305?
0
What is the thousands digit of 19307825?
7
What is the units digit of 3303975213?
3
What is the hundreds digit of 2074166106?
1
What is the hundred millions digit of 130439499?
1
What is the hundred thousands digit of 39782176?
7
What is the ten millions digit of 40567475?
4
What is the millions digit of 44237502?
4
What is the units digit of 5772488062?
2
What is the millions digit of 144077819?
4
What is the ten millions digit of 151957041?
5
What is the ten thousands digit of 2337251053?
5
What is the millions digit of 3751128?
3
What is the hundred thousands digit of 28908698?
9
What is the units digit of 942949257?
7
What is the millions digit of 473232359?
3
What is the ten thousands digit of 16053834?
5
What is the thousands digit of 286085660?
5
What is the ten thousands digit of 37007534?
0
What is the units digit of 302141177?
7
What is the millions digit of 1026791315?
6
What is the hundred thousands digit of 40605174?
6
What is the ten millions digit of 104267041?
0
What is the ten thousands digit of 2811840312?
4
What is the millions digit of 618002244?
8
What is the hundred thousands digit of 88015750?
0
What is the millions digit of 2339923417?
9
What is the hundred thousands digit of 1157636087?
6
What is the ten thousands digit of 191505520?
0
What is the millions digit of 176816459?
6
What is the hundred millions digit of 887743627?
8
What is the thousands digit of 47116012?
6
What is the ten millions digit of 385326209?
8
What is the tens digit of 403463111?
1
What is the millions digit of 5738293089?
8
What is the ten thousands digit of 200250485?
5
What is the hundreds digit of 20583441?
4
What is the tens digit of 44171715?
1
What is the hundreds digit of 1380456024?
0
What is the ten millions digit of 1096534079?
9
What is the hundred thousands digit of 503418827?
4
What is the ten millions digit of 68707441?
6
What is the tens digit of 25225602?
0
What is the thousands digit of 2890024973?
4
What is the ten millions digit of 2265847327?
6
What is the hundred millions digit of 922130498?
9
What is the ten millions digit of 49927794?
4
What is the thousands digit of 64738056?
8
What is the hundreds digit of 18311966?
9
What is the hundred millions digit of 143799135?
1
What is the units digit of 1222504957?
7
What is the thousands digit of 59777888?
7
What is the thousands digit of 111870204?
0
What is the thousands digit of 673660316?
0
What is the hundreds digit of 419189949?
9
What is the units digit of 685808820?
0
What is the hundred thousands digit of 5686250137?
2
What is the units digit of 6970382?
2
What is the billions digit of 2679993438?
2
What is the ten millions digit of 18256770?
1
What is the ten thousands digit of 4720135644?
3
What is the thousands digit of 2182212811?
2
What is the billions digit of 2013739024?
2
What is the hundred millions digit of 2088685658?
0
What is the millions digit of 1093420699?
3
What is the units digit of 1834090632?
2
What is the thousands digit of 142567281?
7
What is the millions digit of 2945721190?
5
What is the millions digit of 1052916142?
2
What is the ten thousands digit of 530658958?
5
What is the hundreds digit of 10682017?
0
What is the units digit of 417479537?
7
What is the hundred thousands digit of 164037908?
0
What is the ten thousands digit of 220080434?
8
What is the hundreds digit of 252756635?
6
What is the ten millions digit of 1469865291?
6
What is the hundred thousands digit of 159926721?
9
What is the hundred millions digit of 1563898505?
5
What is the ten thousands digit of 760611019?
1
What is the ten thousands digit of 756428287?
2
What is the tens digit of 154542177?
7
What is the thousands digit of 1403964738?
4
What is the units digit of 367562040?
0
What is the ten millions digit of 31914572?
3
What is the hundreds digit of 6177825?
8
What is the millions digit of 319911886?
9
What is the hundreds digit of 94541091?
0
What is the millions digit of 66238492?
6
What is the hundreds digit of 797896?
8
What is the hundreds digit of 43320387?
3
What is the ten millions digit of 1177316508?
7
What is the thousands digit of 7202369928?
9
What is the hundred millions digit of 3999790953?
9
What is the ten thousands digit of 51302318?
0
What is the ten thousands digit of 7454589?
5
What is the units digit of 47975118?
8
What is the hundreds digit of 1454226?
2
What is the hundreds digit of 11737745?
7
What is the hundred thousands digit of 1592300183?
3
What is the thousands digit of 283951901?
1
What is the hundred thousands digit of 354221425?
2
What is the tens digit of 2501658315?
1
What is the millions digit of 4065721300?
5
What is the millions digit of 3155509996?
5
What is the millions digit of 467261245?
7
What is the ten thousands digit of 282979024?
7
What is the hundred millions digit of 4263779255?
2
What is the units digit of 392269384?
4
What is the ten thousands digit of 671594671?
9
What is the units digit of 3372563389?
9
What is the ten millions digit of 4900291428?
0
What is the ten thousands digit of 63201010?
0
What is the millions digit of 66660655?
6
What is the hundred thousands digit of 27393300?
3
What is the hundred millions digit of 2085226877?
0
What is the hundred thousands digit of 4450860115?
8
What is the hundred thousands digit of 33584265?
5
What is the ten millions digit of 149032370?
4
What is the hundreds digit of 175215951?
9
What is the hundreds digit of 245384652?
6
What is the tens digit of 471005960?
6
What is the hundreds digit of 1439403262?
2
What is the thousands digit of 2366920302?
0
What is the billions digit of 1430322189?
1
What is the tens digit of 1298683419?
1
What is the ten thousands digit of 132753266?
5
What is the millions digit of 35901625?
5
What is the thousands digit of 2486984174?
4
What is the units digit of 2475073325?
5
What is the billions digit of 2748493558?
2
What is the units digit of 25612143?
3
What is the millions digit of 3958444?
3
What is the units digit of 704179459?
9
What is the hundreds digit of 993652751?
7
What is the tens digit of 212787560?
6
What is the tens digit of 466836296?
9
What is the hundred thousands digit of 586541038?
5
What is the ten millions digit of 1853382452?
5
What is the ten millions digit of 2957175623?
5
What is the thousands digit of 59946486?
6
What is the ten thousands digit of 584909856?
0
What is the units digit of 307804989?
9
What is the hundred thousands digit of 1179651761?
6
What is the thousands digit of 50865916?
5
What is the ten thousands digit of 1372119210?
1
What is the tens digit of 61574414?
1
What is the tens digit of 63412960?
6
What is the hundred millions digit of 316640180?
3
What is the ten thousands digit of 1126905341?
0
What is the tens digit of 212899374?
7
What is the hundred thousands digit of 594054072?
0
What is the billions digit of 1639573852?
1
What is the hundreds digit of 611309784?
7
What is the hundred thousands digit of 3758771845?
7
What is the hundreds digit of 131223268?
2
What is the tens digit of 384688223?
2
What is the hundreds digit of 40103283?
2
What is the thousands digit of 773199689?
9
What is the tens digit of 1222119569?
6
What is the ten millions digit of 81664907?
8
What is the hundreds digit of 125900493?
4
What is the millions digit of 119067899?
9
What is the hundreds digit of 349107777?
7
What is the thousands digit of 970280081?
0
What is the hundred thousands digit of 22512290?
5
What is the tens digit of 168216105?
0
What is the hundred millions digit of 780987934?
7
What is the hundred thousands digit of 9116510?
1
What is the thousands digit of 8904279?
4
What is the ten millions digit of 3090522040?
9
What is the hundreds digit of 5031781?
7
What is the hundreds digit of 112094502?
5
What is the millions digit of 896334952?
6
What is the ten thousands di